{"id":583,"date":"2021-01-15T21:28:31","date_gmt":"2021-01-15T20:28:31","guid":{"rendered":"https:\/\/marstall-greiz.de\/?page_id=583"},"modified":"2021-01-15T23:17:22","modified_gmt":"2021-01-15T22:17:22","slug":"ueber-uns","status":"publish","type":"page","link":"https:\/\/marstall-greiz.de\/?page_id=583","title":{"rendered":"\u00dcber uns"},"content":{"rendered":"\n<p>Wir sind B\u00fcrger und B\u00fcrgerinnen, die in Greiz wohnen bzw. gewohnt haben oder die eng mit Greiz verbunden sind. Emp\u00f6rt \u00fcber die geplante Bebauung des Greizer Marstall-Areals, die Gestaltung und Dimensionierung des Bauk\u00f6rpers sowie die geplanten Nutzungen, entschieden wir uns, diesem Vorhaben energisch und \u00f6ffentlich zu widersprechen. Wir sind der \u00dcberzeugung, dass die Realisierung dieses Vorhabens der Stadt Greiz und ihren B\u00fcrgern Schaden zuf\u00fcgt. Eine Bebauung, die einen ganzen Stadtteil betrifft und die sich auf die Entwicklung der gesamten Stadt auswirken wird, darf nicht ohne umfangreiche Beteiligung der Bev\u00f6lkerung stattfinden.<\/p>\n\n\n\n<p>Wir m\u00f6chten auf dieser Seite \u00fcber unseren Protest informieren, um eine breitere \u00d6ffentlichkeit zu erreichen. Dazu stellen wir Dokumente wie Einspr\u00fcche zum laufenden Verfahren, unseren&nbsp;<a href=\"https:\/\/marstall-greiz.de\/?page_id=2\">\u201eAufruf\u201c<\/a>, Presseartikel oder fachliche&nbsp;<a href=\"https:\/\/marstall-greiz.de\/?page_id=74\">Stellungnahmen<\/a>&nbsp;zur Verf\u00fcgung. Au\u00dferdem m\u00f6chten wir alle, die an einer vorteilhaften Stadtentwicklung interessiert sind, zum Mit- und Umdenken bewegen, nicht zuletzt die Verantwortlichen aus Stadt und Land. Wir laden sowohl B\u00fcrger als auch Stadtr\u00e4te und Verwaltung zur Diskussion und konstruktiven Mitarbeit ein.<\/p>\n\n\n\n<figure class=\"wp-block-image size-large\"><img loading=\"lazy\" decoding=\"async\" width=\"1024\" height=\"464\" src=\"https:\/\/marstall-greiz.de\/wp-content\/uploads\/2021\/01\/Marstall_Greiz.jpg\" alt=\"\" class=\"wp-image-262\" srcset=\"https:\/\/marstall-greiz.de\/wp-content\/uploads\/2021\/01\/Marstall_Greiz.jpg 1024w, https:\/\/marstall-greiz.de\/wp-content\/uploads\/2021\/01\/Marstall_Greiz-300x136.jpg 300w, https:\/\/marstall-greiz.de\/wp-content\/uploads\/2021\/01\/Marstall_Greiz-768x348.jpg 768w, https:\/\/marstall-greiz.de\/wp-content\/uploads\/2021\/01\/Marstall_Greiz-624x283.jpg 624w\" sizes=\"auto, (max-width: 1024px) 100vw, 1024px\" \/><figcaption>Altes Marstall-Geb\u00e4ude, Schauseite vom Marstallhof \/ Quelle Wikipedia, Foto Rudolf Eberhard Neuber<\/figcaption><\/figure>\n","protected":false},"excerpt":{"rendered":"<p>Wir sind B\u00fcrger und B\u00fcrgerinnen, die in Greiz wohnen bzw. gewohnt haben oder die eng mit Greiz verbunden sind. Emp\u00f6rt \u00fcber die geplante Bebauung des Greizer Marstall-Areals, die Gestaltung und Dimensionierung des Bauk\u00f6rpers sowie die geplanten Nutzungen, entschieden wir uns, diesem Vorhaben energisch und \u00f6ffentlich zu widersprechen. Wir sind der \u00dcberzeugung, dass die Realisierung dieses [&hellip;]<\/p>\n","protected":false},"author":1,"featured_media":0,"parent":0,"menu_order":0,"comment_status":"closed","ping_status":"closed","template":"","meta":{"ngg_post_thumbnail":0,"footnotes":""},"class_list":["post-583","page","type-page","status-publish","hentry"],"_links":{"self":[{"href":"https:\/\/marstall-greiz.de\/index.php?rest_route=\/wp\/v2\/pages\/583","targetHints":{"allow":["GET"]}}],"collection":[{"href":"https:\/\/marstall-greiz.de\/index.php?rest_route=\/wp\/v2\/pages"}],"about":[{"href":"https:\/\/marstall-greiz.de\/index.php?rest_route=\/wp\/v2\/types\/page"}],"author":[{"embeddable":true,"href":"https:\/\/marstall-greiz.de\/index.php?rest_route=\/wp\/v2\/users\/1"}],"replies":[{"embeddable":true,"href":"https:\/\/marstall-greiz.de\/index.php?rest_route=%2Fwp%2Fv2%2Fcomments&post=583"}],"version-history":[{"count":2,"href":"https:\/\/marstall-greiz.de\/index.php?rest_route=\/wp\/v2\/pages\/583\/revisions"}],"predecessor-version":[{"id":604,"href":"https:\/\/marstall-greiz.de\/index.php?rest_route=\/wp\/v2\/pages\/583\/revisions\/604"}],"wp:attachment":[{"href":"https:\/\/marstall-greiz.de\/index.php?rest_route=%2Fwp%2Fv2%2Fmedia&parent=583"}],"curies":[{"name":"wp","href":"https:\/\/api.w.org\/{rel}","templated":true}]}}